{"id":4,"date":"2018-12-03T11:20:14","date_gmt":"2018-12-03T11:20:14","guid":{"rendered":"https:\/\/testi-e2c55b704894.senaatti.fi\/asema-alueet\/?page_id=4"},"modified":"2024-11-19T10:35:27","modified_gmt":"2024-11-19T10:35:27","slug":"etusivu","status":"publish","type":"page","link":"https:\/\/testi-e2c55b704894.senaatti.fi\/asema-alueet\/","title":{"rendered":"Etusivu"},"content":{"rendered":"<div class=\"wpb-content-wrapper\"><p>[vc_row][vc_column][senaatti_homehero heading=&#8221;Senaatin Asema-alueet Oy&#8221; text=&#8221;Kehit\u00e4mme junaliikenteen asema-alueita yhteisty\u00f6ss\u00e4 kaupunkien ja kuntien kanssa.<\/p>\n<p>Suunnittelemme, mill\u00e4 keinoin kukin asema-alue parhaiten palvelee oman ymp\u00e4rist\u00f6ns\u00e4 kest\u00e4v\u00e4\u00e4 kaupunkikehityst\u00e4.&#8221; image=&#8221;135&#8243;][\/vc_column][\/vc_row][vc_row][vc_column width=&#8221;1\/2&#8243;][senaatti_recent_content heading=&#8221;Ajankohtaista&#8221; count=&#8221;2&#8243;][\/vc_column][vc_column width=&#8221;1\/2&#8243;][senaatti_feature_small background_color=&#8221;senaatti-konserni-dark-blue&#8221; image_content=&#8221;true&#8221; image_default=&#8221;violet&#8221; heading=&#8221;Teht\u00e4v\u00e4mme&#8221; text=&#8221;Rautatieasemilla ja niiden ymp\u00e4rist\u00f6ll\u00e4 on merkitt\u00e4v\u00e4 rooli tulevaisuuden keskusta-alueiden asumisen, palveluiden ja liikkumisen suunnittelussa ja j\u00e4rjest\u00e4misess\u00e4. Senaatin Asema-alueet Oy:st\u00e4 kaupungit ja kunnat saavat tehokkaan ja osaavan kumppanin asema-alueidensa uudistamiseen ja kest\u00e4v\u00e4\u00e4n kaupunkikehitykseen.<\/p>\n<p>Teht\u00e4v\u00e4mme on kehitt\u00e4\u00e4 asema-alueiden k\u00e4ytt\u00f6tarkoituksia ensisijaisesti kaavoituksen keinoin ja helpottaa alueiden monipuolista hy\u00f6dynt\u00e4mist\u00e4 asuntorakentamisessa, liiketoiminnassa ja liikenteen solmukohtina. Yhti\u00f6n teht\u00e4v\u00e4n\u00e4 on myyd\u00e4 kehitt\u00e4m\u00e4ns\u00e4 kiinteist\u00f6t.&#8221;][\/vc_column][\/vc_row][vc_row][vc_column][senaatti_liftcards heading=&#8221;Myyt\u00e4vi\u00e4 kohteita&#8221; card=&#8221;%5B%7B%22label%22%3A%22Pori%2C%20veturitalli%22%2C%22link%22%3A%22url%3Ahttps%253A%252F%252Ftesti-e2c55b704894.senaatti.fi%252Fvaltion-kiinteistot%252Fmyytavat-kohteet%252Ftila%252Fpori-veturitalli%252F%7Ctitle%3AMyynti-ilmoitus%22%2C%22description%22%3A%22Senaatin%20Asema-alueet%20Oy%20myy%20Porin%20veturitallin%20alueen.%20Kohde%20sijaitsee%20aivan%20keskustan%20tuntumassa.%20Alue%20on%20muuttumassa%20monipuoliseksi%20asuin-%20ja%20palvelualueeksi.%22%2C%22image%22%3A%221890%22%7D%2C%7B%22label%22%3A%22Kotka%2C%20asuinkerrostalokortteli%22%2C%22link%22%3A%22url%3Ahttps%253A%252F%252Ftesti-e2c55b704894.senaatti.fi%252Fvaltion-kiinteistot%252Fmyytavat-kohteet%252Ftila%252Fkotka-asuinkerrostalokortteli%252F%7Ctitle%3AMyynti-ilmoitus%22%2C%22description%22%3A%22Myynniss%C3%A4%20Kotkansaaressa%20sijaitseva%20n.%204400%20m2%3An%20rakentamaton%20m%C3%A4%C3%A4r%C3%A4ala%20tulevasta%20asuin-%2C%20liike-%20ja%20toimistorakennusten%20korttelialueesta.%20Ostaja%20voi%20tarjota%20korttelista%20my%C3%B6s%20yksitt%C3%A4isi%C3%A4%20tontteja.%20Voimassa%20olevassa%20asemakaavassa%20alue%20on%20rautatiealuetta.%22%2C%22image%22%3A%221213%22%7D%2C%7B%22label%22%3A%22Kuopio%2C%20konepajarakennus%22%2C%22link%22%3A%22url%3Ahttps%253A%252F%252Ftesti-e2c55b704894.senaatti.fi%252Fvaltion-kiinteistot%252Fmyytavat-kohteet%252Ftila%252Fkuopio-konepajarakennus%252F%7Ctitle%3AMyynti-ilmoitus%22%2C%22description%22%3A%22Senaatin%20Asema-alueet%20Oy%20myy%20tarjousten%20perusteella%20Kuopion%20konepajan%20alueen%20osoitteessa%20Pohjolankatu%201.%20Alueella%20vireill%C3%A4%20oleva%20asemakaavan%20muutos%20mahdollistaa%20ymp%C3%A4rist%C3%B6n%20muuttumisen%20esimerkiksi%20asuin-%2C%20liike-%20ja%20toimistorakennusten%20alueeksi.%22%2C%22image%22%3A%221519%22%7D%5D&#8221;][senaatti_liftcards card=&#8221;%5B%7B%22label%22%3A%22Hanko%2C%20asuin-%2C%20liike-%20ja%20toimistorakennusten%20tontti%22%2C%22link%22%3A%22url%3Ahttps%253A%252F%252Ftesti-e2c55b704894.senaatti.fi%252Fvaltion-kiinteistot%252Fmyytavat-kohteet%252Ftila%252Fhanko-asuin-liike-ja-toimistorakennusten-tontti%252F%7Ctitle%3AMyynti-ilmoitus%22%2C%22description%22%3A%22Myynniss%C3%A4%20Hangossa%20korttelin%20527%20tontin%20numero%207.%20Kohde%20sijaitsee%20keskeisell%C3%A4%20paikalla%20Hangon%20aseman%20v%C3%A4litt%C3%B6m%C3%A4ss%C3%A4%20l%C3%A4heisyydess%C3%A4%2C%20hyvien%20kulkuyhteyksien%20p%C3%A4%C3%A4ss%C3%A4.%22%2C%22image%22%3A%221721%22%7D%2C%7B%22label%22%3A%22Kauklahti%2C%20asemarakennus%20%22%2C%22link%22%3A%22url%3Ahttps%253A%252F%252Ftesti-e2c55b704894.senaatti.fi%252Fvaltion-kiinteistot%252Fmyytavat-kohteet%252Ftila%252Fespoo-kauklahti-asemarakennus%252F%7Ctitle%3AMyynti-ilmoitus%22%2C%22description%22%3A%22Myynniss%C3%A4%20Espoon%20kaupungissa%2C%20Kauklahdessa%20sijaitseva%20asemarakennus.%22%2C%22image%22%3A%221820%22%7D%5D&#8221;][\/vc_column][\/vc_row][vc_row][vc_column][\/vc_column][\/vc_row][vc_row][vc_column][senaatti_numbers_alt background_color=&#8221;senaatti-konserni-light-red-25&#8243; title=&#8221;Kohteita eri puolella Suomea&#8221; items=&#8221;%5B%7B%22number%22%3A%2221%22%2C%22label_below%22%3A%22paikkakunnalla%22%7D%5D&#8221; image=&#8221;135&#8243; link=&#8221;url:https%3A%2F%2Ftesti-e2c55b704894.senaatti.fi%2Fasema-alueet%2Fkehitettavia-asema-alueita%2F|title:Tutustu%20asema-alueiden%20kohteisiin||&#8221;][\/vc_column][\/vc_row][vc_row][vc_column][senaatti_feature align=&#8221;right&#8221; background_color=&#8221;bg-white&#8221; heading=&#8221;Asemanseuduilta vauhtia kest\u00e4v\u00e4\u00e4n kaupunkikehitykseen&#8221; text=&#8221;Miksi asemanseutuja tulisi kehitt\u00e4\u00e4? Miten niiden kehitt\u00e4misest\u00e4 hy\u00f6tyv\u00e4t niin kunta kuin kuntalaiset? Ja miten Senaatin Asema-alueet Oy voi toimia asema-alueiden kest\u00e4v\u00e4n kehitt\u00e4misen kumppanina?&#8221; image=&#8221;144&#8243; btn=&#8221;url:https%3A%2F%2Ftesti-e2c55b704894.senaatti.fi%2Fasema-alueet%2Fasemanseuduilta-vauhtia-kestavaan-kaupunkikehitykseen%2F|title:Lue%20koko%20julkaisu&#8221;][\/senaatti_feature][\/vc_column][\/vc_row][vc_row][vc_column][senaatti_video image=&#8221;1539&#8243; video_link=&#8221;https:\/\/www.youtube.com\/watch?v=9DAxKVS0SGQ&#8221; heading=&#8221;Senaatin Asema-alueet Oy&#8221;][\/vc_column][\/vc_row][vc_row][vc_column][senaatti_feature background_color=&#8221;senaatti-konserni-light-red-25&#8243; heading=&#8221;Toimivia ratkaisuja asukkaiden hyv\u00e4ksi&#8221; text=&#8221;Junaliikenteen asema-alueiden tulee olla tiivistyvien kaupunkien ja joukkoliikenteen hyvin toimivia solmukohtia. Asema-alueet eiv\u00e4t ole vain l\u00e4pikulkutiloja, vaan edustavat hyvi\u00e4 asumisen, el\u00e4misen ja liiketoiminnan ymp\u00e4rist\u00f6j\u00e4.<\/p>\n<p>Yhti\u00f6 kehitt\u00e4\u00e4 kiinteist\u00f6j\u00e4 tiiviiss\u00e4 yhteisty\u00f6ss\u00e4 kaupunkien ja kuntien kanssa ensisijaisesti kaavallisen kehitt\u00e4misen keinoin, mink\u00e4 j\u00e4lkeen se myy kiinteist\u00f6t. Yhti\u00f6 voi harkintansa mukaan osallistua my\u00f6s pidemm\u00e4lle menev\u00e4\u00e4n kiinteist\u00f6jen kehitt\u00e4miseen erillisten paikallisten yhti\u00f6iden kautta.&#8221; image=&#8221;81&#8243;][\/senaatti_feature][\/vc_column][\/vc_row]<\/p>\n<\/div>","protected":false},"excerpt":{"rendered":"<p>[vc_row][vc_column][senaatti_homehero heading=&#8221;Senaatin Asema-alueet Oy&#8221; text=&#8221;Kehit\u00e4mme junaliikenteen asema-alueita yhteisty\u00f6ss\u00e4 kaupunkien ja kuntien kanssa. Suunnittelemme, mill\u00e4 keinoin kukin asema-alue parhaiten palvelee oman ymp\u00e4rist\u00f6ns\u00e4 kest\u00e4v\u00e4\u00e4 kaupunkikehityst\u00e4.&#8221; image=&#8221;135&#8243;][\/vc_column][\/vc_row][vc_row][vc_column width=&#8221;1\/2&#8243;][senaatti_recent_content heading=&#8221;Ajankohtaista&#8221; count=&#8221;2&#8243;][\/vc_column][vc_column width=&#8221;1\/2&#8243;][senaatti_feature_small background_color=&#8221;senaatti-konserni-dark-blue&#8221; image_content=&#8221;true&#8221; image_default=&#8221;violet&#8221; heading=&#8221;Teht\u00e4v\u00e4mme&#8221; text=&#8221;Rautatieasemilla ja niiden ymp\u00e4rist\u00f6ll\u00e4 on merkitt\u00e4v\u00e4 rooli tulevaisuuden keskusta-alueiden asumisen, palveluiden ja liikkumisen suunnittelussa ja j\u00e4rjest\u00e4misess\u00e4. Senaatin Asema-alueet Oy:st\u00e4 kaupungit ja kunnat saavat [&hellip;]<\/p>\n","protected":false},"author":11,"featured_media":0,"parent":0,"menu_order":0,"comment_status":"closed","ping_status":"closed","template":"","meta":{"_acf_changed":false,"_exactmetrics_skip_tracking":false,"_exactmetrics_sitenote_active":false,"_exactmetrics_sitenote_note":"","_exactmetrics_sitenote_category":0,"footnotes":""},"class_list":["post-4","page","type-page","status-publish","hentry"],"acf":[],"yoast_head":"<!-- This site is optimized with the Yoast SEO plugin v23.9 - https:\/\/yoast.com\/wordpress\/plugins\/seo\/ -->\n<title>Etusivu - Asema-alueet<\/title>\n<meta name=\"robots\" content=\"noindex, follow, max-snippet:-1, max-image-preview:large, max-video-preview:-1\" \/>\n<meta property=\"og:locale\" content=\"fi_FI\" \/>\n<meta property=\"og:type\" content=\"article\" \/>\n<meta property=\"og:title\" content=\"Etusivu - Asema-alueet\" \/>\n<meta property=\"og:description\" content=\"[vc_row][vc_column][senaatti_homehero heading=&#8221;Senaatin Asema-alueet Oy&#8221; text=&#8221;Kehit\u00e4mme junaliikenteen asema-alueita yhteisty\u00f6ss\u00e4 kaupunkien ja kuntien kanssa. Suunnittelemme, mill\u00e4 keinoin kukin asema-alue parhaiten palvelee oman ymp\u00e4rist\u00f6ns\u00e4 kest\u00e4v\u00e4\u00e4 kaupunkikehityst\u00e4.&#8221; image=&#8221;135&#8243;][\/vc_column][\/vc_row][vc_row][vc_column width=&#8221;1\/2&#8243;][senaatti_recent_content heading=&#8221;Ajankohtaista&#8221; count=&#8221;2&#8243;][\/vc_column][vc_column width=&#8221;1\/2&#8243;][senaatti_feature_small background_color=&#8221;senaatti-konserni-dark-blue&#8221; image_content=&#8221;true&#8221; image_default=&#8221;violet&#8221; heading=&#8221;Teht\u00e4v\u00e4mme&#8221; text=&#8221;Rautatieasemilla ja niiden ymp\u00e4rist\u00f6ll\u00e4 on merkitt\u00e4v\u00e4 rooli tulevaisuuden keskusta-alueiden asumisen, palveluiden ja liikkumisen suunnittelussa ja j\u00e4rjest\u00e4misess\u00e4. Senaatin Asema-alueet Oy:st\u00e4 kaupungit ja kunnat saavat [&hellip;]\" \/>\n<meta property=\"og:url\" content=\"https:\/\/www.senaatti.fi\/asema-alueet\/\" \/>\n<meta property=\"og:site_name\" content=\"Asema-alueet\" \/>\n<meta property=\"article:modified_time\" content=\"2024-11-19T10:35:27+00:00\" \/>\n<meta name=\"twitter:card\" content=\"summary_large_image\" \/>\n<meta name=\"twitter:label1\" content=\"Arvioitu lukuaika\" \/>\n\t<meta name=\"twitter:data1\" content=\"2 minuuttia\" \/>\n<script type=\"application\/ld+json\" class=\"yoast-schema-graph\">{\"@context\":\"https:\/\/schema.org\",\"@graph\":[{\"@type\":\"WebPage\",\"@id\":\"https:\/\/www.senaatti.fi\/asema-alueet\/\",\"url\":\"https:\/\/www.senaatti.fi\/asema-alueet\/\",\"name\":\"Etusivu - Asema-alueet\",\"isPartOf\":{\"@id\":\"https:\/\/www.senaatti.fi\/asema-alueet\/#website\"},\"datePublished\":\"2018-12-03T11:20:14+00:00\",\"dateModified\":\"2024-11-19T10:35:27+00:00\",\"breadcrumb\":{\"@id\":\"https:\/\/www.senaatti.fi\/asema-alueet\/#breadcrumb\"},\"inLanguage\":\"fi\",\"potentialAction\":[{\"@type\":\"ReadAction\",\"target\":[\"https:\/\/www.senaatti.fi\/asema-alueet\/\"]}]},{\"@type\":\"BreadcrumbList\",\"@id\":\"https:\/\/www.senaatti.fi\/asema-alueet\/#breadcrumb\",\"itemListElement\":[{\"@type\":\"ListItem\",\"position\":1,\"name\":\"Etusivu\",\"item\":\"https:\/\/www.senaatti.fi\/asema-alueet\/\"},{\"@type\":\"ListItem\",\"position\":2,\"name\":\"Etusivu\"}]},{\"@type\":\"WebSite\",\"@id\":\"https:\/\/www.senaatti.fi\/asema-alueet\/#website\",\"url\":\"https:\/\/www.senaatti.fi\/asema-alueet\/\",\"name\":\"Asema-alueet\",\"description\":\"Senaatin Asema-alueet\",\"potentialAction\":[{\"@type\":\"SearchAction\",\"target\":{\"@type\":\"EntryPoint\",\"urlTemplate\":\"https:\/\/www.senaatti.fi\/asema-alueet\/?s={search_term_string}\"},\"query-input\":{\"@type\":\"PropertyValueSpecification\",\"valueRequired\":true,\"valueName\":\"search_term_string\"}}],\"inLanguage\":\"fi\"}]}<\/script>\n<!-- \/ Yoast SEO plugin. -->","yoast_head_json":{"title":"Etusivu - Asema-alueet","robots":{"index":"noindex","follow":"follow","max-snippet":"max-snippet:-1","max-image-preview":"max-image-preview:large","max-video-preview":"max-video-preview:-1"},"og_locale":"fi_FI","og_type":"article","og_title":"Etusivu - Asema-alueet","og_description":"[vc_row][vc_column][senaatti_homehero heading=&#8221;Senaatin Asema-alueet Oy&#8221; text=&#8221;Kehit\u00e4mme junaliikenteen asema-alueita yhteisty\u00f6ss\u00e4 kaupunkien ja kuntien kanssa. Suunnittelemme, mill\u00e4 keinoin kukin asema-alue parhaiten palvelee oman ymp\u00e4rist\u00f6ns\u00e4 kest\u00e4v\u00e4\u00e4 kaupunkikehityst\u00e4.&#8221; image=&#8221;135&#8243;][\/vc_column][\/vc_row][vc_row][vc_column width=&#8221;1\/2&#8243;][senaatti_recent_content heading=&#8221;Ajankohtaista&#8221; count=&#8221;2&#8243;][\/vc_column][vc_column width=&#8221;1\/2&#8243;][senaatti_feature_small background_color=&#8221;senaatti-konserni-dark-blue&#8221; image_content=&#8221;true&#8221; image_default=&#8221;violet&#8221; heading=&#8221;Teht\u00e4v\u00e4mme&#8221; text=&#8221;Rautatieasemilla ja niiden ymp\u00e4rist\u00f6ll\u00e4 on merkitt\u00e4v\u00e4 rooli tulevaisuuden keskusta-alueiden asumisen, palveluiden ja liikkumisen suunnittelussa ja j\u00e4rjest\u00e4misess\u00e4. Senaatin Asema-alueet Oy:st\u00e4 kaupungit ja kunnat saavat [&hellip;]","og_url":"https:\/\/www.senaatti.fi\/asema-alueet\/","og_site_name":"Asema-alueet","article_modified_time":"2024-11-19T10:35:27+00:00","twitter_card":"summary_large_image","twitter_misc":{"Arvioitu lukuaika":"2 minuuttia"},"schema":{"@context":"https:\/\/schema.org","@graph":[{"@type":"WebPage","@id":"https:\/\/www.senaatti.fi\/asema-alueet\/","url":"https:\/\/www.senaatti.fi\/asema-alueet\/","name":"Etusivu - Asema-alueet","isPartOf":{"@id":"https:\/\/www.senaatti.fi\/asema-alueet\/#website"},"datePublished":"2018-12-03T11:20:14+00:00","dateModified":"2024-11-19T10:35:27+00:00","breadcrumb":{"@id":"https:\/\/www.senaatti.fi\/asema-alueet\/#breadcrumb"},"inLanguage":"fi","potentialAction":[{"@type":"ReadAction","target":["https:\/\/www.senaatti.fi\/asema-alueet\/"]}]},{"@type":"BreadcrumbList","@id":"https:\/\/www.senaatti.fi\/asema-alueet\/#breadcrumb","itemListElement":[{"@type":"ListItem","position":1,"name":"Etusivu","item":"https:\/\/www.senaatti.fi\/asema-alueet\/"},{"@type":"ListItem","position":2,"name":"Etusivu"}]},{"@type":"WebSite","@id":"https:\/\/www.senaatti.fi\/asema-alueet\/#website","url":"https:\/\/www.senaatti.fi\/asema-alueet\/","name":"Asema-alueet","description":"Senaatin Asema-alueet","potentialAction":[{"@type":"SearchAction","target":{"@type":"EntryPoint","urlTemplate":"https:\/\/www.senaatti.fi\/asema-alueet\/?s={search_term_string}"},"query-input":{"@type":"PropertyValueSpecification","valueRequired":true,"valueName":"search_term_string"}}],"inLanguage":"fi"}]}},"_links":{"self":[{"href":"https:\/\/testi-e2c55b704894.senaatti.fi\/asema-alueet\/wp-json\/wp\/v2\/pages\/4","targetHints":{"allow":["GET"]}}],"collection":[{"href":"https:\/\/testi-e2c55b704894.senaatti.fi\/asema-alueet\/wp-json\/wp\/v2\/pages"}],"about":[{"href":"https:\/\/testi-e2c55b704894.senaatti.fi\/asema-alueet\/wp-json\/wp\/v2\/types\/page"}],"author":[{"embeddable":true,"href":"https:\/\/testi-e2c55b704894.senaatti.fi\/asema-alueet\/wp-json\/wp\/v2\/users\/11"}],"replies":[{"embeddable":true,"href":"https:\/\/testi-e2c55b704894.senaatti.fi\/asema-alueet\/wp-json\/wp\/v2\/comments?post=4"}],"version-history":[{"count":12,"href":"https:\/\/testi-e2c55b704894.senaatti.fi\/asema-alueet\/wp-json\/wp\/v2\/pages\/4\/revisions"}],"predecessor-version":[{"id":1895,"href":"https:\/\/testi-e2c55b704894.senaatti.fi\/asema-alueet\/wp-json\/wp\/v2\/pages\/4\/revisions\/1895"}],"wp:attachment":[{"href":"https:\/\/testi-e2c55b704894.senaatti.fi\/asema-alueet\/wp-json\/wp\/v2\/media?parent=4"}],"curies":[{"name":"wp","href":"https:\/\/api.w.org\/{rel}","templated":true}]}}