{"id":952,"date":"2019-12-23T15:41:27","date_gmt":"2019-12-23T15:41:27","guid":{"rendered":"https:\/\/testi-e2c55b704894.senaatti.fi\/asema-alueet\/?page_id=952"},"modified":"2024-01-22T11:27:33","modified_gmt":"2024-01-22T11:27:33","slug":"julkaisut","status":"publish","type":"page","link":"https:\/\/testi-e2c55b704894.senaatti.fi\/asema-alueet\/julkaisut\/","title":{"rendered":"Julkaisut"},"content":{"rendered":"<div class=\"wpb-content-wrapper\"><p>[vc_row][vc_column][senaatti_hero heading=&#8221;Julkaisut ja raportit&#8221; text=&#8221;Asemanseutujen kehitt\u00e4misest\u00e4 on julkaistu useita raportteja ja tutkimuksia, jotka olemme koonneet alle toimijoittain.&#8221; image=&#8221;131&#8243;][\/vc_column][\/vc_row][vc_row][vc_column width=&#8221;1\/2&#8243;][senaatti_list_download heading=&#8221;Senaatin Asema-alueet Oy&#8221; files=&#8221;%5B%7B%22file%22%3A%22url%3Ahttps%253A%252F%252Ftesti-e2c55b704894.senaatti.fi%252Fapp%252Fuploads%252Fsites%252F6%252F2020%252F01%252FSenaatin-Asema-alueet-Oy-Asema-alueiden-kehitt%25C3%25A4minen%25E2%2580%2593Hankesuunnittelun-ja-konseptoinnin-toimintamalli-27.1.2020.pdf%7Ctitle%3AAsema-alueiden%2520kehitt%25C3%25A4minen%25E2%2580%2593Hankesuunnittelun%2520ja%2520konseptoinnin%2520toimintamalli%7Ctarget%3A_blank%22%7D%5D&#8221;][\/vc_column][vc_column width=&#8221;1\/2&#8243;][vc_column_text remove_empty_space_above=&#8221;true&#8221;]<\/p>\n<h3><a href=\"https:\/\/www.hsl.fi\/hsl\/julkaisut\" target=\"_blank\" rel=\"noopener noreferrer\">HSL<\/a><br \/>\n<a href=\"https:\/\/www.hsy.fi\/fi\/asiantuntijalle\/julkaisut\/Sivut\/default.aspx\" target=\"_blank\" rel=\"noopener noreferrer\">HSY<\/a><br \/>\n<a href=\"https:\/\/mal-verkosto.fi\/mal-verkoston-julkaisut-ja-selvitykset\/\">MAL-verkosto<\/a><br \/>\n<a href=\"https:\/\/vayla.fi\/julkaisut\/julkaisut#.XgDbzGypW-Y\" target=\"_blank\" rel=\"noopener noreferrer\">V\u00e4yl\u00e4virasto<\/a><\/h3>\n<p>[\/vc_column_text][\/vc_column][\/vc_row][vc_row][vc_column][senaatti_feature align=&#8221;right&#8221; background_color=&#8221;senaatti-konserni-green-25&#8243; heading=&#8221;Palvelupaikkakuvaus&#8221; text=&#8221;Senaatin Asema-alueet Oy:n matkustaja-asemat, niihin kuuluvat rakennukset ja muut tilat sek\u00e4 soveltuvat tilat lipunmyyntipalveluille.&#8221; image=&#8221;58&#8243; btn=&#8221;url:https%3A%2F%2Ftesti-e2c55b704894.senaatti.fi%2Fasema-alueet%2Fpalvelupaikkakuvaus%2F|title:Tutustu%20Senaatin%20Asema-alueet%20Oy%3An%20palvelupaikkakuvaukseen&#8221;][\/senaatti_feature][\/vc_column][\/vc_row][vc_row][vc_column][senaatti_feature background_color=&#8221;senaatti-konserni-purple-25&#8243; heading=&#8221;Asemanseuduilta vauhtia kest\u00e4v\u00e4\u00e4n kaupunkikehitykseen&#8221; text=&#8221;Miksi asemanseutuja tulisi kehitt\u00e4\u00e4? Miten niiden kehitt\u00e4misest\u00e4 hy\u00f6tyv\u00e4t niin kunta kuin kuntalaiset? Ja miten Senaatin Asema-alueet Oy voi toimia asema-alueiden kest\u00e4v\u00e4n kehitt\u00e4misen kumppanina?&#8221; image=&#8221;81&#8243; btn=&#8221;url:https%3A%2F%2Ftesti-e2c55b704894.senaatti.fi%2Fasema-alueet%2Fasemanseuduilta-vauhtia-kestavaan-kaupunkikehitykseen%2F|title:Lue%20koko%20julkaisu||&#8221;][\/senaatti_feature][\/vc_column][\/vc_row]<\/p>\n<\/div>","protected":false},"excerpt":{"rendered":"<p>[vc_row][vc_column][senaatti_hero heading=&#8221;Julkaisut ja raportit&#8221; text=&#8221;Asemanseutujen kehitt\u00e4misest\u00e4 on julkaistu useita raportteja ja tutkimuksia, jotka olemme koonneet alle toimijoittain.&#8221; image=&#8221;131&#8243;][\/vc_column][\/vc_row][vc_row][vc_column width=&#8221;1\/2&#8243;][senaatti_list_download heading=&#8221;Senaatin Asema-alueet Oy&#8221; files=&#8221;%5B%7B%22file%22%3A%22url%3Ahttps%253A%252F%252Ftesti-e2c55b704894.senaatti.fi%252Fapp%252Fuploads%252Fsites%252F6%252F2020%252F01%252FSenaatin-Asema-alueet-Oy-Asema-alueiden-kehitt%25C3%25A4minen%25E2%2580%2593Hankesuunnittelun-ja-konseptoinnin-toimintamalli-27.1.2020.pdf%7Ctitle%3AAsema-alueiden%2520kehitt%25C3%25A4minen%25E2%2580%2593Hankesuunnittelun%2520ja%2520konseptoinnin%2520toimintamalli%7Ctarget%3A_blank%22%7D%5D&#8221;][\/vc_column][vc_column width=&#8221;1\/2&#8243;][vc_column_text remove_empty_space_above=&#8221;true&#8221;] HSL HSY MAL-verkosto V\u00e4yl\u00e4virasto [\/vc_column_text][\/vc_column][\/vc_row][vc_row][vc_column][senaatti_feature align=&#8221;right&#8221; background_color=&#8221;senaatti-konserni-green-25&#8243; heading=&#8221;Palvelupaikkakuvaus&#8221; text=&#8221;Senaatin Asema-alueet Oy:n matkustaja-asemat, niihin kuuluvat rakennukset ja muut tilat sek\u00e4 soveltuvat tilat lipunmyyntipalveluille.&#8221; image=&#8221;58&#8243; btn=&#8221;url:https%3A%2F%2Ftesti-e2c55b704894.senaatti.fi%2Fasema-alueet%2Fpalvelupaikkakuvaus%2F|title:Tutustu%20Senaatin%20Asema-alueet%20Oy%3An%20palvelupaikkakuvaukseen&#8221;][\/senaatti_feature][\/vc_column][\/vc_row][vc_row][vc_column][senaatti_feature background_color=&#8221;senaatti-konserni-purple-25&#8243; heading=&#8221;Asemanseuduilta vauhtia kest\u00e4v\u00e4\u00e4n kaupunkikehitykseen&#8221; text=&#8221;Miksi [&hellip;]<\/p>\n","protected":false},"author":16,"featured_media":0,"parent":0,"menu_order":0,"comment_status":"closed","ping_status":"closed","template":"","meta":{"_acf_changed":false,"_exactmetrics_skip_tracking":false,"_exactmetrics_sitenote_active":false,"_exactmetrics_sitenote_note":"","_exactmetrics_sitenote_category":0,"footnotes":""},"class_list":["post-952","page","type-page","status-publish","hentry"],"acf":[],"yoast_head":"<!-- This site is optimized with the Yoast SEO plugin v23.9 - https:\/\/yoast.com\/wordpress\/plugins\/seo\/ -->\n<title>Julkaisut - Asema-alueet<\/title>\n<meta name=\"robots\" content=\"noindex, follow, max-snippet:-1, max-image-preview:large, max-video-preview:-1\" \/>\n<meta property=\"og:locale\" content=\"fi_FI\" \/>\n<meta property=\"og:type\" content=\"article\" \/>\n<meta property=\"og:title\" content=\"Julkaisut - Asema-alueet\" \/>\n<meta property=\"og:description\" content=\"[vc_row][vc_column][senaatti_hero heading=&#8221;Julkaisut ja raportit&#8221; text=&#8221;Asemanseutujen kehitt\u00e4misest\u00e4 on julkaistu useita raportteja ja tutkimuksia, jotka olemme koonneet alle toimijoittain.&#8221; image=&#8221;131&#8243;][\/vc_column][\/vc_row][vc_row][vc_column width=&#8221;1\/2&#8243;][senaatti_list_download heading=&#8221;Senaatin Asema-alueet Oy&#8221; files=&#8221;%5B%7B%22file%22%3A%22url%3Ahttps%253A%252F%252Ftesti-e2c55b704894.senaatti.fi%252Fapp%252Fuploads%252Fsites%252F6%252F2020%252F01%252FSenaatin-Asema-alueet-Oy-Asema-alueiden-kehitt%25C3%25A4minen%25E2%2580%2593Hankesuunnittelun-ja-konseptoinnin-toimintamalli-27.1.2020.pdf%7Ctitle%3AAsema-alueiden%2520kehitt%25C3%25A4minen%25E2%2580%2593Hankesuunnittelun%2520ja%2520konseptoinnin%2520toimintamalli%7Ctarget%3A_blank%22%7D%5D&#8221;][\/vc_column][vc_column width=&#8221;1\/2&#8243;][vc_column_text remove_empty_space_above=&#8221;true&#8221;] HSL HSY MAL-verkosto V\u00e4yl\u00e4virasto [\/vc_column_text][\/vc_column][\/vc_row][vc_row][vc_column][senaatti_feature align=&#8221;right&#8221; background_color=&#8221;senaatti-konserni-green-25&#8243; heading=&#8221;Palvelupaikkakuvaus&#8221; text=&#8221;Senaatin Asema-alueet Oy:n matkustaja-asemat, niihin kuuluvat rakennukset ja muut tilat sek\u00e4 soveltuvat tilat lipunmyyntipalveluille.&#8221; image=&#8221;58&#8243; btn=&#8221;url:https%3A%2F%2Ftesti-e2c55b704894.senaatti.fi%2Fasema-alueet%2Fpalvelupaikkakuvaus%2F|title:Tutustu%20Senaatin%20Asema-alueet%20Oy%3An%20palvelupaikkakuvaukseen&#8221;][\/senaatti_feature][\/vc_column][\/vc_row][vc_row][vc_column][senaatti_feature background_color=&#8221;senaatti-konserni-purple-25&#8243; heading=&#8221;Asemanseuduilta vauhtia kest\u00e4v\u00e4\u00e4n kaupunkikehitykseen&#8221; text=&#8221;Miksi [&hellip;]\" \/>\n<meta property=\"og:url\" content=\"https:\/\/www.senaatti.fi\/asema-alueet\/julkaisut\/\" \/>\n<meta property=\"og:site_name\" content=\"Asema-alueet\" \/>\n<meta property=\"article:modified_time\" content=\"2024-01-22T11:27:33+00:00\" \/>\n<meta name=\"twitter:card\" content=\"summary_large_image\" \/>\n<meta name=\"twitter:label1\" content=\"Arvioitu lukuaika\" \/>\n\t<meta name=\"twitter:data1\" content=\"1 minuutti\" \/>\n<script type=\"application\/ld+json\" class=\"yoast-schema-graph\">{\"@context\":\"https:\/\/schema.org\",\"@graph\":[{\"@type\":\"WebPage\",\"@id\":\"https:\/\/www.senaatti.fi\/asema-alueet\/julkaisut\/\",\"url\":\"https:\/\/www.senaatti.fi\/asema-alueet\/julkaisut\/\",\"name\":\"Julkaisut - Asema-alueet\",\"isPartOf\":{\"@id\":\"https:\/\/www.senaatti.fi\/asema-alueet\/#website\"},\"datePublished\":\"2019-12-23T15:41:27+00:00\",\"dateModified\":\"2024-01-22T11:27:33+00:00\",\"breadcrumb\":{\"@id\":\"https:\/\/www.senaatti.fi\/asema-alueet\/julkaisut\/#breadcrumb\"},\"inLanguage\":\"fi\",\"potentialAction\":[{\"@type\":\"ReadAction\",\"target\":[\"https:\/\/www.senaatti.fi\/asema-alueet\/julkaisut\/\"]}]},{\"@type\":\"BreadcrumbList\",\"@id\":\"https:\/\/www.senaatti.fi\/asema-alueet\/julkaisut\/#breadcrumb\",\"itemListElement\":[{\"@type\":\"ListItem\",\"position\":1,\"name\":\"Etusivu\",\"item\":\"https:\/\/www.senaatti.fi\/asema-alueet\/\"},{\"@type\":\"ListItem\",\"position\":2,\"name\":\"Julkaisut\"}]},{\"@type\":\"WebSite\",\"@id\":\"https:\/\/www.senaatti.fi\/asema-alueet\/#website\",\"url\":\"https:\/\/www.senaatti.fi\/asema-alueet\/\",\"name\":\"Asema-alueet\",\"description\":\"Senaatin Asema-alueet\",\"potentialAction\":[{\"@type\":\"SearchAction\",\"target\":{\"@type\":\"EntryPoint\",\"urlTemplate\":\"https:\/\/www.senaatti.fi\/asema-alueet\/?s={search_term_string}\"},\"query-input\":{\"@type\":\"PropertyValueSpecification\",\"valueRequired\":true,\"valueName\":\"search_term_string\"}}],\"inLanguage\":\"fi\"}]}<\/script>\n<!-- \/ Yoast SEO plugin. -->","yoast_head_json":{"title":"Julkaisut - Asema-alueet","robots":{"index":"noindex","follow":"follow","max-snippet":"max-snippet:-1","max-image-preview":"max-image-preview:large","max-video-preview":"max-video-preview:-1"},"og_locale":"fi_FI","og_type":"article","og_title":"Julkaisut - Asema-alueet","og_description":"[vc_row][vc_column][senaatti_hero heading=&#8221;Julkaisut ja raportit&#8221; text=&#8221;Asemanseutujen kehitt\u00e4misest\u00e4 on julkaistu useita raportteja ja tutkimuksia, jotka olemme koonneet alle toimijoittain.&#8221; image=&#8221;131&#8243;][\/vc_column][\/vc_row][vc_row][vc_column width=&#8221;1\/2&#8243;][senaatti_list_download heading=&#8221;Senaatin Asema-alueet Oy&#8221; files=&#8221;%5B%7B%22file%22%3A%22url%3Ahttps%253A%252F%252Ftesti-e2c55b704894.senaatti.fi%252Fapp%252Fuploads%252Fsites%252F6%252F2020%252F01%252FSenaatin-Asema-alueet-Oy-Asema-alueiden-kehitt%25C3%25A4minen%25E2%2580%2593Hankesuunnittelun-ja-konseptoinnin-toimintamalli-27.1.2020.pdf%7Ctitle%3AAsema-alueiden%2520kehitt%25C3%25A4minen%25E2%2580%2593Hankesuunnittelun%2520ja%2520konseptoinnin%2520toimintamalli%7Ctarget%3A_blank%22%7D%5D&#8221;][\/vc_column][vc_column width=&#8221;1\/2&#8243;][vc_column_text remove_empty_space_above=&#8221;true&#8221;] HSL HSY MAL-verkosto V\u00e4yl\u00e4virasto [\/vc_column_text][\/vc_column][\/vc_row][vc_row][vc_column][senaatti_feature align=&#8221;right&#8221; background_color=&#8221;senaatti-konserni-green-25&#8243; heading=&#8221;Palvelupaikkakuvaus&#8221; text=&#8221;Senaatin Asema-alueet Oy:n matkustaja-asemat, niihin kuuluvat rakennukset ja muut tilat sek\u00e4 soveltuvat tilat lipunmyyntipalveluille.&#8221; image=&#8221;58&#8243; btn=&#8221;url:https%3A%2F%2Ftesti-e2c55b704894.senaatti.fi%2Fasema-alueet%2Fpalvelupaikkakuvaus%2F|title:Tutustu%20Senaatin%20Asema-alueet%20Oy%3An%20palvelupaikkakuvaukseen&#8221;][\/senaatti_feature][\/vc_column][\/vc_row][vc_row][vc_column][senaatti_feature background_color=&#8221;senaatti-konserni-purple-25&#8243; heading=&#8221;Asemanseuduilta vauhtia kest\u00e4v\u00e4\u00e4n kaupunkikehitykseen&#8221; text=&#8221;Miksi [&hellip;]","og_url":"https:\/\/www.senaatti.fi\/asema-alueet\/julkaisut\/","og_site_name":"Asema-alueet","article_modified_time":"2024-01-22T11:27:33+00:00","twitter_card":"summary_large_image","twitter_misc":{"Arvioitu lukuaika":"1 minuutti"},"schema":{"@context":"https:\/\/schema.org","@graph":[{"@type":"WebPage","@id":"https:\/\/www.senaatti.fi\/asema-alueet\/julkaisut\/","url":"https:\/\/www.senaatti.fi\/asema-alueet\/julkaisut\/","name":"Julkaisut - Asema-alueet","isPartOf":{"@id":"https:\/\/www.senaatti.fi\/asema-alueet\/#website"},"datePublished":"2019-12-23T15:41:27+00:00","dateModified":"2024-01-22T11:27:33+00:00","breadcrumb":{"@id":"https:\/\/www.senaatti.fi\/asema-alueet\/julkaisut\/#breadcrumb"},"inLanguage":"fi","potentialAction":[{"@type":"ReadAction","target":["https:\/\/www.senaatti.fi\/asema-alueet\/julkaisut\/"]}]},{"@type":"BreadcrumbList","@id":"https:\/\/www.senaatti.fi\/asema-alueet\/julkaisut\/#breadcrumb","itemListElement":[{"@type":"ListItem","position":1,"name":"Etusivu","item":"https:\/\/www.senaatti.fi\/asema-alueet\/"},{"@type":"ListItem","position":2,"name":"Julkaisut"}]},{"@type":"WebSite","@id":"https:\/\/www.senaatti.fi\/asema-alueet\/#website","url":"https:\/\/www.senaatti.fi\/asema-alueet\/","name":"Asema-alueet","description":"Senaatin Asema-alueet","potentialAction":[{"@type":"SearchAction","target":{"@type":"EntryPoint","urlTemplate":"https:\/\/www.senaatti.fi\/asema-alueet\/?s={search_term_string}"},"query-input":{"@type":"PropertyValueSpecification","valueRequired":true,"valueName":"search_term_string"}}],"inLanguage":"fi"}]}},"_links":{"self":[{"href":"https:\/\/testi-e2c55b704894.senaatti.fi\/asema-alueet\/wp-json\/wp\/v2\/pages\/952","targetHints":{"allow":["GET"]}}],"collection":[{"href":"https:\/\/testi-e2c55b704894.senaatti.fi\/asema-alueet\/wp-json\/wp\/v2\/pages"}],"about":[{"href":"https:\/\/testi-e2c55b704894.senaatti.fi\/asema-alueet\/wp-json\/wp\/v2\/types\/page"}],"author":[{"embeddable":true,"href":"https:\/\/testi-e2c55b704894.senaatti.fi\/asema-alueet\/wp-json\/wp\/v2\/users\/16"}],"replies":[{"embeddable":true,"href":"https:\/\/testi-e2c55b704894.senaatti.fi\/asema-alueet\/wp-json\/wp\/v2\/comments?post=952"}],"version-history":[{"count":11,"href":"https:\/\/testi-e2c55b704894.senaatti.fi\/asema-alueet\/wp-json\/wp\/v2\/pages\/952\/revisions"}],"predecessor-version":[{"id":1777,"href":"https:\/\/testi-e2c55b704894.senaatti.fi\/asema-alueet\/wp-json\/wp\/v2\/pages\/952\/revisions\/1777"}],"wp:attachment":[{"href":"https:\/\/testi-e2c55b704894.senaatti.fi\/asema-alueet\/wp-json\/wp\/v2\/media?parent=952"}],"curies":[{"name":"wp","href":"https:\/\/api.w.org\/{rel}","templated":true}]}}